{"id":138,"date":"2024-02-12T13:47:10","date_gmt":"2024-02-12T12:47:10","guid":{"rendered":"https:\/\/www.darasam.com\/?page_id=138"},"modified":"2024-02-12T14:02:08","modified_gmt":"2024-02-12T13:02:08","slug":"activites-aux-alentours","status":"publish","type":"page","link":"https:\/\/www.darasam.com\/index.php\/activites-aux-alentours\/","title":{"rendered":"Activit\u00e9s aux alentours"},"content":{"rendered":"\n<p><em>Laissez-vous s\u00e9duire par le patrimoine historique et naturel de Marrakech.<br>Plus qu\u2019une cit\u00e9, Marrakech est une perle polie par l\u2019histoire et le go\u00fbt de l\u2019accueil, sachant accueillir ses invit\u00e9s \u00e0 bras ouverts depuis des si\u00e8cles.<\/em><\/p>\n\n\n\n<p><em>La ville est subdivis\u00e9e en deux parties distinctes : la ville nouvelle (ou moderne) on y trouve de nombreux complexes h\u00f4teliers, boutiques de luxe, banques, salons de th\u00e9 et terrasses de caf\u00e9 et la m\u00e9dina ou ville historique (dix kilom\u00e8tres d&rsquo;enceinte), il est ais\u00e9 d\u2019imaginer les caravaniers qui chargeaient leurs dromadaires de denr\u00e9es, d\u2019outils et d\u2019objets artisanaux.<\/em><\/p>\n\n\n\n<p><em>Les souks offrent tout ce que le voyageur attend : couleurs, ambiances, parfums, visages souriants et accueillants. Marrakech c\u00e9l\u00e8bre dans le monde entier pour sa palmeraie et son minaret, cette ville est un v\u00e9ritable spectacle vivant o\u00f9 les hommes et le folklore local sont habilement mis en sc\u00e8ne dans un d\u00e9cor m\u00e9di\u00e9val.<\/em><\/p>\n\n\n\n<p><em>Un patrimoine culturel impressionnant avec de nombreux monuments et des mus\u00e9es de qualit\u00e9.<\/em><\/p>\n\n\n\n<p><em>Sana, Omar et Christiane sont disponibles et se feront un plaisir de vous faire part des meilleures adresses et bon plans pour vos<\/em> <em>sorties \u00e0 Marrakech et ses alentours !<\/em><\/p>\n\n\n\n<div class=\"wp-block-columns is-layout-flex wp-container-core-columns-is-layout-9d6595d7 wp-block-columns-is-layout-flex\">\n<div class=\"wp-block-column is-layout-flow wp-block-column-is-layout-flow\">\n<p><strong>Soins &#8211; D\u00e9tente<\/strong><\/p>\n\n\n<div class=\"wp-block-image\">\n<figure class=\"aligncenter size-full is-resized\"><img loading=\"lazy\" decoding=\"async\" width=\"288\" height=\"288\" src=\"https:\/\/www.darasam.com\/wp-content\/uploads\/2024\/02\/image-3.png\" alt=\"\" class=\"wp-image-142\" style=\"width:200px\" srcset=\"https:\/\/www.darasam.com\/wp-content\/uploads\/2024\/02\/image-3.png 288w, https:\/\/www.darasam.com\/wp-content\/uploads\/2024\/02\/image-3-150x150.png 150w\" sizes=\"auto, (max-width: 288px) 100vw, 288px\" \/><\/figure>\n<\/div>\n\n\n<p><em>Les hommes et les femmes s\u00e9par\u00e9ment <\/em><em>s\u2019y retrouvaient, de toutes classes et de tous milieux. Au Hammam, il n\u2019y a pas de distinction sociale et toutes les classes se m\u00e9langent. Pour les femmes, du temps ou le hammam \u00e9tait le seul lieu de sortie autoris\u00e9, ce lieu constituait un grand moment de bien \u00eatre et d\u2019evasion du quotidien. Les m\u00e8res avaient aussi l\u2019habitude d\u2019y <\/em><em>chercher des futures \u00e9pouses <\/em><em>pour leur prog\u00e9niture male. Des codes sociaux permettaient de connaitre les situations familiales de chacune en fonction de la couleur de la serviette<\/em><\/p>\n<\/div>\n\n\n\n<div class=\"wp-block-column is-layout-flow wp-block-column-is-layout-flow\">\n<p><strong>Dromadaire<\/strong><\/p>\n\n\n<div class=\"wp-block-image\">\n<figure class=\"aligncenter size-full is-resized\"><img loading=\"lazy\" decoding=\"async\" width=\"294\" height=\"290\" src=\"https:\/\/www.darasam.com\/wp-content\/uploads\/2024\/02\/image-2.png\" alt=\"\" class=\"wp-image-141\" style=\"width:200px\"\/><\/figure>\n<\/div>\n\n\n<p><em>Cette randonn\u00e9e fait le plus grand bonheur des petits et des grands. G\u00f4utez aux plaisirs d\u2019une randonn\u00e9e exotique dans un cadre \u00f4 combien d\u00e9paysant. Du haut de votre monture, votre dromadaire vous m\u00e8nera avec la plus grande facilit\u00e9 jusque sur les hauteurs pour vous offrir des points de vue de choix sur ce fascinant paysage !<\/em><\/p>\n<\/div>\n<\/div>\n\n\n\n<div class=\"wp-block-columns is-layout-flex wp-container-core-columns-is-layout-9d6595d7 wp-block-columns-is-layout-flex\">\n<div class=\"wp-block-column is-layout-flow wp-block-column-is-layout-flow\">\n<p><strong>Heritage spa<\/strong><\/p>\n\n\n\n<p><em>D\u00e8s lors que vous franchissez le pas du spa,vous \u00eates compl\u00e8tement pris en charge. Une multitude d\u2019attentions pour vous faire vivre une exp\u00e9rience beaut\u00e9 unique.<br>Votre s\u00e9ance commencera par une s\u00e9ance de diagnostic nous permettant de d\u00e9finir votre<\/em> <em>programme de soin<\/em><\/p>\n<\/div>\n\n\n\n<div class=\"wp-block-column is-layout-flow wp-block-column-is-layout-flow\">\n<p><strong>Excursion en Quad<\/strong><\/p>\n\n\n\n<p>Profitez des magnifiques paysages du d\u00e9sert d&rsquo;Agafay lors d&rsquo;une balade guid\u00e9e amusante en quad. Ressentez le frisson de conduire un v\u00e9hicule tout-terrain \u00e0 travers les magnifiques dunes de sable marocaines et les camps nomades traditionnels.<\/p>\n<\/div>\n<\/div>\n\n\n\n<div class=\"wp-block-columns is-layout-flex wp-container-core-columns-is-layout-9d6595d7 wp-block-columns-is-layout-flex\">\n<div class=\"wp-block-column is-layout-flow wp-block-column-is-layout-flow\">\n<p><strong>Les Souk<\/strong><\/p>\n\n\n<div class=\"wp-block-image is-style-default\">\n<figure class=\"aligncenter size-full is-resized\"><img loading=\"lazy\" decoding=\"async\" width=\"292\" height=\"286\" src=\"https:\/\/www.darasam.com\/wp-content\/uploads\/2024\/02\/image.png\" alt=\"\" class=\"wp-image-139\" style=\"width:200px\"\/><\/figure>\n<\/div>\n\n\n<p><em>Plus grand du Royaume du Maroc, <\/em><em>le Souk de Marrakech existe depuis 8 si\u00e8cles<\/em><em>, un peu apr\u00e8s la cr\u00e9ation de la ville, il y a 1000 ans. Aujourd\u2019hui haut lieu du tourisme, les Souks de Marrakech sont toujours une Aventure.<\/em><\/p>\n\n\n\n<p><em>Par d\u00e9finition, un Souk, en Arabe, est un March\u00e9 temporaire en ext\u00e9rieur. Il est soit alimentaire (l\u00e9gumes, \u00e9pices, graines, viande&#8230;), vestimentaire (djellaba, tissus, couvertures en laine&#8230;), de produits (animaux, bicyclettes, meubles&#8230;), d\u2019artisanat (bois, fer, cuir&#8230;) ou tout simplement polyvalent. A l\u2019int\u00e9rieur des villes, les M\u00e9dinas, il peut \u00eatre permanent, alors l\u2019\u00e9quivalent d\u2019une rue commer\u00e7ante en Europe. Il peut \u00e9galement \u00eatre couvert.<\/em><\/p>\n<\/div>\n\n\n\n<div class=\"wp-block-column is-layout-flow wp-block-column-is-layout-flow\">\n<p><strong>Vall\u00e9e de l&rsquo;Ourika<\/strong><\/p>\n\n\n<div class=\"wp-block-image\">\n<figure class=\"aligncenter size-full is-resized\"><img loading=\"lazy\" decoding=\"async\" width=\"296\" height=\"292\" src=\"https:\/\/www.darasam.com\/wp-content\/uploads\/2024\/02\/image-1.png\" alt=\"\" class=\"wp-image-140\" style=\"width:200px\"\/><\/figure>\n<\/div>\n\n\n<p><em>Longeant les premiers contreforts du Haut Atlas, la vall\u00e9e de l Ourika s \u00e9tend sur 68km pratiquement depuis les portes de Marrakech (d\u00e9buts de la plaine du Haouz) jusqu\u2019au Village \u2013 Douar de Setti Fatma a 1500m d`altitude.<\/em><\/p>\n\n\n\n<p><em>Tr\u00e8s facile d\u2019acc\u00e8s au d\u00e9part de la M\u00e9dina de Marrakech ou de Gueliz, \u00e0 environ 30 km au sud de la cite Ocre, la Vall\u00e9e de l\u2019Ourika est la plus fr\u00e9quent\u00e9e des vall\u00e9es du Haut Atlas ce qui la classe parmi les plus belles et verdoyantes vall\u00e9es du Maroc avec ses jolis villages berb\u00e8res qui la pars\u00e8ment.<\/em><\/p>\n<\/div>\n<\/div>\n","protected":false},"excerpt":{"rendered":"<p>Laissez-vous s\u00e9duire par le patrimoine historique et naturel de Marrakech.Plus qu\u2019une cit\u00e9, Marrakech est une perle polie par l\u2019histoire et le go\u00fbt de l\u2019accueil, sachant accueillir ses invit\u00e9s \u00e0 bras ouverts depuis des si\u00e8cles. La ville est subdivis\u00e9e en deux parties distinctes : la ville nouvelle (ou moderne) on y trouve de nombreux complexes h\u00f4teliers, &hellip; <a href=\"https:\/\/www.darasam.com\/index.php\/activites-aux-alentours\/\" class=\"more-link\">Continue reading<span class=\"screen-reader-text\"> \u00ab\u00a0Activit\u00e9s aux alentours\u00a0\u00bb<\/span><\/a><\/p>\n","protected":false},"author":1,"featured_media":156,"parent":0,"menu_order":0,"comment_status":"closed","ping_status":"closed","template":"template-full-width-page.php","meta":{"footnotes":""},"class_list":["post-138","page","type-page","status-publish","has-post-thumbnail","hentry"],"_links":{"self":[{"href":"https:\/\/www.darasam.com\/index.php\/wp-json\/wp\/v2\/pages\/138","targetHints":{"allow":["GET"]}}],"collection":[{"href":"https:\/\/www.darasam.com\/index.php\/wp-json\/wp\/v2\/pages"}],"about":[{"href":"https:\/\/www.darasam.com\/index.php\/wp-json\/wp\/v2\/types\/page"}],"author":[{"embeddable":true,"href":"https:\/\/www.darasam.com\/index.php\/wp-json\/wp\/v2\/users\/1"}],"replies":[{"embeddable":true,"href":"https:\/\/www.darasam.com\/index.php\/wp-json\/wp\/v2\/comments?post=138"}],"version-history":[{"count":1,"href":"https:\/\/www.darasam.com\/index.php\/wp-json\/wp\/v2\/pages\/138\/revisions"}],"predecessor-version":[{"id":143,"href":"https:\/\/www.darasam.com\/index.php\/wp-json\/wp\/v2\/pages\/138\/revisions\/143"}],"wp:featuredmedia":[{"embeddable":true,"href":"https:\/\/www.darasam.com\/index.php\/wp-json\/wp\/v2\/media\/156"}],"wp:attachment":[{"href":"https:\/\/www.darasam.com\/index.php\/wp-json\/wp\/v2\/media?parent=138"}],"curies":[{"name":"wp","href":"https:\/\/api.w.org\/{rel}","templated":true}]}}